{"id":15070,"date":"2022-11-20T21:39:14","date_gmt":"2022-11-20T21:39:14","guid":{"rendered":"https:\/\/artesaniasbatan.com.co\/?post_type=product&#038;p=15070"},"modified":"2022-11-21T03:17:43","modified_gmt":"2022-11-21T03:17:43","slug":"canasta-container-pequeno-beige","status":"publish","type":"product","link":"https:\/\/artesaniasbatan.com.co\/index.php\/product\/canasta-container-pequeno-beige\/","title":{"rendered":"Canasta Container peque\u00f1o beige"},"content":{"rendered":"<p>Container peque\u00f1o palma ca\u00f1a flecha de la cultura Sin\u00fa de Tuchin C\u00f3rdoba.<\/p>\n","protected":false},"excerpt":{"rendered":"<p>Container peque\u00f1o palma ca\u00f1a flecha de la cultura Sin\u00fa de Tuchin C\u00f3rdoba.<\/p>\n","protected":false},"featured_media":15298,"comment_status":"open","ping_status":"closed","template":"","meta":{"om_disable_all_campaigns":false,"_mi_skip_tracking":false},"product_cat":[134,154],"product_tag":[],"aioseo_notices":[],"brands":[],"_links":{"self":[{"href":"https:\/\/artesaniasbatan.com.co\/index.php\/wp-json\/wp\/v2\/product\/15070"}],"collection":[{"href":"https:\/\/artesaniasbatan.com.co\/index.php\/wp-json\/wp\/v2\/product"}],"about":[{"href":"https:\/\/artesaniasbatan.com.co\/index.php\/wp-json\/wp\/v2\/types\/product"}],"replies":[{"embeddable":true,"href":"https:\/\/artesaniasbatan.com.co\/index.php\/wp-json\/wp\/v2\/comments?post=15070"}],"version-history":[{"count":1,"href":"https:\/\/artesaniasbatan.com.co\/index.php\/wp-json\/wp\/v2\/product\/15070\/revisions"}],"predecessor-version":[{"id":15100,"href":"https:\/\/artesaniasbatan.com.co\/index.php\/wp-json\/wp\/v2\/product\/15070\/revisions\/15100"}],"wp:featuredmedia":[{"embeddable":true,"href":"https:\/\/artesaniasbatan.com.co\/index.php\/wp-json\/wp\/v2\/media\/15298"}],"wp:attachment":[{"href":"https:\/\/artesaniasbatan.com.co\/index.php\/wp-json\/wp\/v2\/media?parent=15070"}],"wp:term":[{"taxonomy":"product_cat","embeddable":true,"href":"https:\/\/artesaniasbatan.com.co\/index.php\/wp-json\/wp\/v2\/product_cat?post=15070"},{"taxonomy":"product_tag","embeddable":true,"href":"https:\/\/artesaniasbatan.com.co\/index.php\/wp-json\/wp\/v2\/product_tag?post=15070"}],"curies":[{"name":"wp","href":"https:\/\/api.w.org\/{rel}","templated":true}]}}