{"id":15000,"date":"2022-11-20T21:39:09","date_gmt":"2022-11-20T21:39:09","guid":{"rendered":"https:\/\/artesaniasbatan.com.co\/?post_type=product&#038;p=15000"},"modified":"2022-11-21T14:22:40","modified_gmt":"2022-11-21T14:22:40","slug":"mochila-wayuu-diseno-multicolor","status":"publish","type":"product","link":"https:\/\/artesaniasbatan.com.co\/index.php\/product\/mochila-wayuu-diseno-multicolor\/","title":{"rendered":"Mochila Wayu\u00fa Dise\u00f1o Multicolor"},"content":{"rendered":"<p>Mochila Artesanal Tradicional de la Cultura Ind\u00edgena Wayuu.<\/p>\n","protected":false},"excerpt":{"rendered":"<p>Mochila Artesanal Tradicional de la Cultura Ind\u00edgena Wayuu.<\/p>\n","protected":false},"featured_media":15212,"comment_status":"open","ping_status":"closed","template":"","meta":{"om_disable_all_campaigns":false,"_mi_skip_tracking":false},"product_cat":[144,150,175],"product_tag":[],"aioseo_notices":[],"brands":[],"_links":{"self":[{"href":"https:\/\/artesaniasbatan.com.co\/index.php\/wp-json\/wp\/v2\/product\/15000"}],"collection":[{"href":"https:\/\/artesaniasbatan.com.co\/index.php\/wp-json\/wp\/v2\/product"}],"about":[{"href":"https:\/\/artesaniasbatan.com.co\/index.php\/wp-json\/wp\/v2\/types\/product"}],"replies":[{"embeddable":true,"href":"https:\/\/artesaniasbatan.com.co\/index.php\/wp-json\/wp\/v2\/comments?post=15000"}],"version-history":[{"count":1,"href":"https:\/\/artesaniasbatan.com.co\/index.php\/wp-json\/wp\/v2\/product\/15000\/revisions"}],"predecessor-version":[{"id":15030,"href":"https:\/\/artesaniasbatan.com.co\/index.php\/wp-json\/wp\/v2\/product\/15000\/revisions\/15030"}],"wp:featuredmedia":[{"embeddable":true,"href":"https:\/\/artesaniasbatan.com.co\/index.php\/wp-json\/wp\/v2\/media\/15212"}],"wp:attachment":[{"href":"https:\/\/artesaniasbatan.com.co\/index.php\/wp-json\/wp\/v2\/media?parent=15000"}],"wp:term":[{"taxonomy":"product_cat","embeddable":true,"href":"https:\/\/artesaniasbatan.com.co\/index.php\/wp-json\/wp\/v2\/product_cat?post=15000"},{"taxonomy":"product_tag","embeddable":true,"href":"https:\/\/artesaniasbatan.com.co\/index.php\/wp-json\/wp\/v2\/product_tag?post=15000"}],"curies":[{"name":"wp","href":"https:\/\/api.w.org\/{rel}","templated":true}]}}